7
Suppose 78*r + 23658140 = 608*r. List the prime factors of r.
2, 11, 2029
Let w(y) = -y**3 - 115*y**2 - 384*y - 282. What are the prime factors of w(-112)?
2, 3, 283
Let s = 3680 + 8225. What are the prime factors of s?
5, 2381
Let g be (-2)/(2/9)*-1. Let c = 723 - 720. Suppose t - c = g. What are the prime factors of t?
2, 3
Suppose 0 = -5*o - 5*q - 2725, q - 2701 = 2*o + 3*o. Let h = 841 + o. List the prime factors of h.
2, 3, 5
Let q(l) = 206*l**2 - 200*l + 603. What are the prime factors of q(3)?
3, 619
Suppose 6*o + 18 - 48 = 0. Suppose 0*n - 4*n + 3639 = -o*w, -2*n + 1800 = 4*w. What are the prime factors of n?
2, 3, 151
Suppose 4*u + 48 = 8*u. List the prime factors of 777/u - 1/(-4).
5, 13
Suppose -3*f + 48*t - 43*t = -27651, 46085 = 5*f - 5*t. List the prime factors of f.
13, 709
Let m(c) = 2*c**3 - 110*c**2 - 184*c - 246. List the prime factors of m(58).
2, 41, 113
Let d(f) = -13*f**3 + 7*f + 2 + f**3 + 5*f**3 + 9*f**3 - 3*f**2. What are the prime factors of d(6)?
2, 23
Let u(h) = 253*h**3 - 7*h**2 + 7*h - 4. What are the prime factors of u(3)?
5, 23, 59
Suppose 4*y - 4*i - 30433 = 83019, 0 = -3*i - 18. List the prime factors of y.
7, 4051
Let a(m) = 80*m + 99*m - 29*m - 65 + 78 - 165. What are the prime factors of a(7)?
2, 449
Suppose 3*o - 4*b = -55, -o - 13 = -b + 4. Suppose z + y - 30 = 8, 3*y + 91 = 2*z. What are the prime factors of (-11 - o) + -1 + -1 + z?
41
Suppose -1152 = -3*h + 5175. List the prime factors of h.
3, 19, 37
Let t be (1*2)/(-34 + 35). Suppose 0 = -t*p - 10, -2*q + 3*p - 495 = -3*q. List the prime factors of q.
2, 3, 5, 17
What are the prime factors of ((-24913)/21 - 7)*105/(-10)?
2, 5, 7, 179
Let j = 39 - 39. Let r be 7/(-1) + (j - -3). What are the prime factors of r*(-1)/16 - 550/(-8)?
3, 23
Suppose -32 = -9*k + 7*k. Suppose -3*o + 5*o - 4*q = -12, -k = -4*q. List the prime factors of -1*o/8 + (-13008)/(-64).
7, 29
Suppose -13*x - 28 + 210 = 0. What are the prime factors of (x/105*10)/((-1)/(-291))?
2, 97
Suppose 338 = 8*h - 646. Let p = 12 + h. What are the prime factors of p?
3, 5
List the prime factors of 2*4/48 + (-313914)/(-36) + -4.
2, 2179
Suppose -185*g = -189*g + 8. Suppose s - 2*s = 0. Suppose g*n + n - 84 = s. What are the prime factors of n?
2, 7
Suppose 2*y + y - 12 = 0. Let d(c) = c**3 - 3*c**2 - 3*c - 1. Let p be d(y). Suppose p*j + 5*h - 114 = 0, -j - 2*h + 5*h + 38 = 0. List the prime factors of j.
2, 19
Suppose 3*n = -0*n - 2*b + 191, -2*n = -5*b - 159. Suppose g - 125 = -3*g + f, -2*g + 5*f = -n. Let z = g + 54. What are the prime factors of z?
5, 17
Suppose 5*s - 18060 = -s. Suppose -7*w + 21*w = -s. Let r = -66 - w. List the prime factors of r.
149
Let r be 8/6*21/14. Suppose -r*h + 561 = h - n, h = n + 185. What are the prime factors of h?
2, 47
Suppose -46*m + 61906 = -20*m. List the prime factors of m.
2381
Suppose -8*i + 20 = -4*i. Suppose -i*p = -2*p - 33. Suppose 102 = 12*x - p*x. What are the prime factors of x?
2, 3, 17
Suppose -5*g + 14067 = 2*l, -5*g + 7341 = 3*l - 13747. What are the prime factors of l?
7, 17, 59
Let y be 2/3 + (-286)/33. Let k(j) = j**2 + 7*j - 6. Let n be k(y). Let x(r) = 43*r. What are the prime factors of x(n)?
2, 43
Suppose 5*d - z = 321287, -356*z + 353*z + 64235 = d. List the prime factors of d.
2, 251
Let c = 1001 - 921. Suppose -4*d + 364 - c = 0. What are the prime factors of d?
71
Let l(j) be the first derivative of 33*j**2/2 + 7*j - 21. Let o be l(3). Suppose 0 = 2*x, -14 = -g - x + o. What are the prime factors of g?
2, 3, 5
Let s = -2543 + 5938. What are the prime factors of s?
5, 7, 97
Suppose -15*l + 43918 - 9684 + 28931 = 0. What are the prime factors of l?
4211
Suppose -4*i = 20, 68*i = 2*t + 71*i - 4581. List the prime factors of t.
2, 3, 383
Suppose 40*n - 8486 - 45300 = 152894. List the prime factors of n.
5167
Let k = -3291 + 8929. List the prime factors of k.
2, 2819
Let g = 15467 + -10364. What are the prime factors of g?
3, 7
What are the prime factors of (-3)/((-18)/(-304))*(-604689)/1412?
2, 19, 571
Let b be (-14 + 4)*(-4)/(-10). Let x = 415 - 342. Let c = b + x. List the prime factors of c.
3, 23
Let o = 410 + -839. Let c = o - -721. List the prime factors of c.
2, 73
Let y(l) = -5121*l - 131. What are the prime factors of y(-1)?
2, 5, 499
Suppose 0 = -4*l + 2 + 22. Suppose 0*q - l*q = 330. What are the prime factors of 44/q*(1 + 27/(-2))?
2, 5
Let p(k) be the third derivative of 7*k**6/24 + k**4/8 - k**3/2 - 9*k**2 + 4*k. What are the prime factors of p(2)?
283
Let s = -4506 + 6288. List the prime factors of s.
2, 3, 11
Let g(t) = 3*t**2 - 78*t + 78. Let m be g(25). Suppose -18*w + 14*w = m*o - 1825, 1831 = 4*w + 5*o. What are the prime factors of w?
2, 227
Suppose 95*k + 6 = 97*k. Suppose -20 = k*s + 2*z, 3*s + 12*z + 10 = 8*z. List the prime factors of 1734/18 - s/6.
2, 7
Let o = 60518 - 35757. What are the prime factors of o?
11, 2251
Suppose -2*u = -5*l - 25368, 12689 = u + 5*l - 10*l. List the prime factors of u.
31, 409
Suppose 162950 - 6746 = 12*d. List the prime factors of d.
3, 4339
Suppose -4*t - 29 - 57 = -5*f, 2*t = -2*f - 52. Let h be (69/2)/(6*(-3)/t). Suppose 50*d = h*d + 48. What are the prime factors of d?
2, 3
Let l = 16488 + -11482. List the prime factors of l.
2, 2503
List the prime factors of (1/3 + 0)/(11*(-20)/(-11766480)).
2, 4457
Let o(k) = 2*k**2 - 7*k + 7. Let g be o(3). Suppose 2*r = t + 669, r + 5*t + 993 = g*r. Suppose 6*c = -2*c + r. List the prime factors of c.
2, 3, 7
Suppose 49*k - 45*k = 36. Let y(h) = 28*h + 1. Let t be y(k). Suppose -2*w + 15 = -t. What are the prime factors of w?
2, 67
Let b(w) = 10*w**2 + 126*w + 790. List the prime factors of b(-6).
2, 197
Let r be 4/(-8)*-7460*2. Suppose -r = -5*j - 2345. What are the prime factors of j?
3, 11, 31
Suppose 8*z = -8*z + 64. Suppose -9*r = 5*b - z*r - 7225, -5*r = -15. List the prime factors of b.
2, 7, 103
Let k(u) = 1852*u**2 + 25*u + 57. List the prime factors of k(-2).
5, 1483
Suppose 0 = -13475*z + 13481*z - 22224. What are the prime factors of z?
2, 463
Suppose -244*x + 5145903 = -1627533 - 3738816. What are the prime factors of x?
3, 4787
Let u(j) be the first derivative of 2*j**3/3 - 3*j**2 - 5*j + 3. Let y be u(8). Suppose 5*f - 5*l - 150 - y = 0, 3*f - 134 = 4*l. List the prime factors of f.
2, 23
Let b(x) = -721*x - 21. Let y be b(-1). List the prime factors of 6 - 3 - ((-9)/(-3) - y).
2, 5, 7
Suppose 5*s - 85 = -5*n, s - 3*s + 46 = -n. List the prime factors of 6/s + (64944/(-42))/(-6).
2, 3, 43
Let p = 4204 + -6042. Let q be 4/(-8) - p*(-1)/(-4). Suppose 0 = 2*d - 5*d - u + q, -4*u + 164 = d. What are the prime factors of d?
2, 19
Suppose -26*u + 32*u = 582. Suppose 0 = -83*r + u*r - 18340. List the prime factors of r.
2, 5, 131
Suppose -3*i = 5*r - 13133, -5*r - 385 = 5*i - 22270. List the prime factors of i.
2, 547
Let t be -5*3/60*(1 + -18133). Suppose -t - 9283 = -8*x. List the prime factors of x.
11, 157
List the prime factors of ((-373566)/4)/(10/(-125) + 284/(-200)).
23, 2707
Let c(a) = -108*a - 485. What are the prime factors of c(-30)?
5, 19, 29
Let r(k) be the third derivative of 35/6*k**3 + 0 + 1/60*k**5 + 1/8*k**4 + 0*k - 17*k**2. List the prime factors of r(-11).
3, 41
Let s(q) = 6*q**3 + 6*q**2 - 14*q + 61. Let m = 246 + -241. List the prime factors of s(m).
3, 11
Let u(g) be the first derivative of 3*g**2/2 - 20*g + 17. Let x be u(7). List the prime factors of (237/3)/x - 4.
3, 5
Let h(a) = -a**2 - 8*a - 21. Let s be h(-6). Let x be s/(-27) + (-28)/(-6). List the prime factors of (15 - 5)*1/(x/6).
2, 3
Let x = 94849 - 17680. What are the prime factors of x?
3, 29, 887
Suppose -75*b + 675 = -66*b. Suppose 78*d - b*d - 3621 = 0. What are the prime factors of d?
17, 71
Let t(g) = g**3 + 25*g**2 + 6*g - 52. Suppose 2*j - 66 = 3*l, -6*l + 4*j = -l + 108. Let y be t(l). Suppose -6*h = -h - y. What are the prime factors of h?
2, 19
Suppose -4*o - 2*r + 158078 = 48072, 0 = -3*r + 3. List the prime factors of o.
3, 89, 103
Suppose 0 = 12*f - 17 - 31. Suppose -m - 3*u = -1465 + 148, f*m - 2*u = 5240. List the prime factors of m.
3, 19, 23
Let k be (-6)/((-1)/(-1)) - (34 - 35). List the prime factors of k + (1690 - 5) + 9.
3, 563
Let f(c) = -9*c**2 - 6*c - 6. Let t be f(-3). Let b be t + 7/(35/20). What are the prime fa